+ 2*j = u. What is the tens digit of j?
1
Suppose 239 + 891 = 5*n. Suppose 0*x - n = -x. What is the hundreds digit of x?
2
Suppose -18*i + 5*c = -23*i + 24995, i - 5*c = 5005. What is the units digit of i?
0
Let d(o) = -o**3 + 8*o**2 + 18*o + 11. Let h be d(10). Let a(u) = -17*u - 16. What is the hundreds digit of a(h)?
1
Let a(p) = -p**2 - p + 4. Let l be a(-5). Let m be ((-414)/(-45))/(1 - (-18)/(-15)). Let f = l - m. What is the units digit of f?
0
Let p be (-524)/(-6) - 3/9. Let d = p + -48. What is the units digit of d?
9
Suppose 5*p + 5 = 0, 3*v = 2*p - 418 + 2190. What is the hundreds digit of v?
5
Suppose 3*a = -0*a + 4*x - 10, -2*a + 2*x = 6. Let p be 1 + a - (-1)/1. Suppose p*w - 37 = -w. What is the units digit of w?
7
Suppose -500*c + 769 = -499*c. What is the hundreds digit of c?
7
Suppose 6*u + 2 = 4*u, -5*m = 3*u - 7. What is the hundreds digit of m/(-5) + (-4086)/(-15)?
2
Let c(t) = t**2 - 7*t + 8. Let z be c(6). Let b = z + -2. Suppose 5*l - 2*l - 36 = b. What is the units digit of l?
2
Let q(t) = 435*t - 21. Let v be q(4). Suppose 5*y - v = -524. What is the hundreds digit of y?
2
Let z(l) = -l**3 + 2 + 38*l**2 - 6*l + 14*l - 45*l**2. Let r = -13 + 5. What is the units digit of z(r)?
2
Let u = 390 + -110. Suppose 1060 = 5*a + u. What is the units digit of a?
6
Let a(u) = 0*u + 36 + u + 0*u - 6*u. What is the units digit of a(7)?
1
Let y(d) = -d**2 - 31*d - 23. Let j be y(-30). Let u(s) = s + 1. Let w be u(-1). Suppose 4*k - 5*x + j = w, -x = 5*k - 0 - 13. What is the units digit of k?
2
Suppose -32*l + 13963 + 18197 = 0. What is the hundreds digit of l?
0
Let w(g) = 6*g + 6. Let y be w(5). Let d be y/(-2)*(-2)/6. Suppose -d*h + 2*h = 5*z - 22, 4*h = -8. What is the units digit of z?
6
Let z(w) = w**3 - 24*w**2 + 29*w + 54. What is the hundreds digit of z(24)?
7
Let s(x) = 21*x + 22. Suppose -2*k = -2*t - 5*k + 15, -t + 4*k + 13 = 0. What is the units digit of s(t)?
1
Suppose q = -0*q. Let k be (2 + 2 + -3)*q. What is the tens digit of 3 - (k + 4) - -52?
5
What is the tens digit of (-2 - -43)/(5/(-195)*-3)?
3
Suppose -3*w - 20 = -4*r, -2*w - 3*r = 2*w + 35. Let d(c) = -c**3 - 7*c**2 + 10*c + 11. Let f be d(w). Let l = f - -23. What is the tens digit of l?
1
Suppose 8*x - 7*x = 53. Let s = x + 47. What is the hundreds digit of s?
1
Suppose 0 = 5*m - 13 - 2. Let r(n) = 2*n**2 + 2*n - 2. Let h be r(m). Suppose -z - z + h = 0. What is the units digit of z?
1
What is the tens digit of (5*(-280)/(-42))/(4/114)?
5
Let v be (-9)/(-6)*(-4)/(-3). Suppose 15 = 5*r + 3*o, -o + 4 = v*r - 2. Suppose -r*n + 95 = -j, -116 = -4*n - j - 3*j. What is the tens digit of n?
3
Let t = 2 + 7. Suppose 7*p = 4*p + t. Suppose -4*k + 58 = p*q, -q + 4*k + 51 = -k. What is the tens digit of q?
2
Suppose -4*x + 4127 = -3*f - 1741, -x - f = -1474. What is the tens digit of x?
7
Let y be (-1 + 0)/(-1) + 5 + -4. What is the tens digit of ((-10)/(-20) - y)*202*-1?
0
Let u = -12 - -373. Let i = u + -162. What is the hundreds digit of i?
1
Let m = -403 - -135. Let x = -187 - m. What is the units digit of x?
1
Suppose 0 = 3*b - 508 - 41. What is the hundreds digit of b?
1
Suppose 13*f - 16*f = 5*o - 14049, -2821 = -o + 5*f. What is the units digit of o?
1
Suppose 4*c + 2 = 2*x, -4*x + 28 + 28 = 5*c. Suppose -x = 2*d + 9. Let q = 11 + d. What is the units digit of q?
2
What is the hundreds digit of (504/(-20))/(16/(-440))?
6
Suppose i = 5*p + 777, 2*i - 5*p = 2039 - 495. What is the hundreds digit of i?
7
Let t(v) = -v**3 - 3*v**2 - 4. Let y be t(-3). Let j be 2 - 6/y*2. Suppose -j*u + 128 = -u. What is the units digit of u?
2
Let v(p) = 45*p + 91. What is the units digit of v(44)?
1
Suppose 0 = -2*m + 2 + 6. Suppose -h + 2*w = -m*h + 12, -2*w - 16 = -4*h. Suppose 6 + h = 2*p. What is the units digit of p?
5
Suppose 5*o - 42 = 4*t, 2*t + 15 + 19 = -4*o. Let g(j) = j**2 + 7*j + 12. What is the tens digit of g(t)?
9
Let q(j) = 4*j**2 - 35*j - 25. Suppose 7 = 4*s - 1. Let g(b) = -b**2 + 9*b + 6. Let n(x) = s*q(x) + 9*g(x). What is the tens digit of n(10)?
1
Let t = 236 + 50. Let p = t - 130. What is the tens digit of p?
5
Let u(p) = p**2 + 41*p + 47. What is the units digit of u(-40)?
7
Suppose 5*d + 128 = -t + 28, 3*d + 2*t + 67 = 0. Suppose 361 = -4*k + 77. Let n = d - k. What is the units digit of n?
2
Suppose -5*s - 4*p = -4, 0*p + 12 = 4*s + p. Suppose -s*i = -8 - 4. Suppose -r = 3*r + 5*v - 36, -i*v + 2 = r. What is the units digit of r?
4
What is the hundreds digit of -2 - (-21)/14*2516?
7
Let i be (-1 - -4) + (-1)/(2/(-112)). Let q = i + 82. What is the tens digit of q?
4
Let f(t) = t**3 + 1. Let j be f(-1). Suppose 2*g = -3*u - j*u + 23, -2*g + 3*u - 7 = 0. Suppose 1 = b + g*l, 3 = -5*l - 2. What is the units digit of b?
5
Let g = -35 + 38. Suppose -g*t - t = -v - 25, 4*t = -v + 31. What is the units digit of t?
7
Suppose -11*n - 288 = -3929. What is the hundreds digit of n?
3
Let c = -352 + 535. What is the units digit of c?
3
Suppose -5*v - 10 = 0, -5*u + 2*v + 10 = -3*v. Suppose -3*w + 2*z - 37 = 0, z - 2 - 3 = u. Let i = 17 - w. What is the tens digit of i?
2
Let s(h) = h**3 + 2*h**2 + 2. Let g be 10 + 0/(-3 + 6). Suppose 0 = 5*p + g. What is the units digit of s(p)?
2
Suppose 2*g = 5*z - 136, 4*z + 3*g - 147 = -52. Suppose 30 = v - z. Suppose -5*o + v = -o. What is the tens digit of o?
1
Let d(k) = 2*k - 2. Suppose -3*l + 7 = -8. Let w(c) = -1. Let y(v) = l*w(v) - d(v). What is the units digit of y(-14)?
5
Suppose 39*k = 24*k + 17595. What is the tens digit of k?
7
Let p be 2/(-8) - (-61)/4. What is the tens digit of (-109)/(-2) + p/(-10)?
5
Let q be 0 - (-3 + 0/3). Let l be 5/(q/(-4) + 1). What is the tens digit of l - 2/((-4)/4)?
2
Let i(a) = -4*a + 4. Let x be i(-1). Suppose -19*r - x = -20*r. What is the units digit of r?
8
Let y(q) = -2*q - 7. Let w be y(-6). Suppose -2*s + 87 + 386 = w*b, 0 = -2*s + 8. What is the tens digit of b?
9
Let j(o) be the first derivative of -3*o**2 - 7*o - 8. Let b be (2 + 2)/(-1) + 0. What is the tens digit of j(b)?
1
Let y(o) = 5*o**2 + 5*o + 10. Let h be -4 + (2/(-16) - 2/(-16)). What is the units digit of y(h)?
0
Suppose -d + 11 = u + d, -5*u + 23 = 2*d. Suppose -a + 2*a - 28 = 5*q, -q + 4 = u*a. Suppose a*b - 6*b = -84. What is the units digit of b?
8
Let f(o) = 345*o - 166. What is the units digit of f(4)?
4
Suppose -4*x = 0, 0*x - 6 = 3*m + 2*x. What is the units digit of (m/6)/((-16)/2208)?
6
Let z(d) = -d**3 - 12*d**2 + 2*d + 7. Let q be z(-11). What is the hundreds digit of (-6 - (-105)/10)/((-3)/q)?
2
What is the tens digit of ((-11165)/165)/((0 + -1)/87)?
8
Suppose -2*k - 2*k = -4*i - 28, 22 = 4*k - i. Suppose j = -4*a + 8, -4*j = -0*j - k*a - 11. What is the units digit of j?
4
Suppose 0 = 4*i - 95 + 35. Let u(h) = -h**3 + 14*h**2 + 14*h + 19. What is the units digit of u(i)?
4
Suppose 0 + 4 = t. Let x be (-3 - -1 - -2) + t. Suppose -x*j - j + 85 = 0. What is the tens digit of j?
1
Let c = -253 - -714. What is the units digit of c?
1
What is the tens digit of 6/(-4)*(-180728)/116?
3
Suppose -5*n = z - 13, 0 = -n - 3*n. Let y(b) = b**2 - b + 15. Let x be y(0). Let w = x - z. What is the units digit of w?
2
Let v(t) = -3*t - 11. Let y be v(-14). Suppose 0 = 2*c - 6 - 8. Suppose c = -q + y. What is the units digit of q?
4
Let n = -268 - -596. What is the hundreds digit of n?
3
Let b be (-5)/10*(-1 + -5). Suppose s = -b + 26. What is the tens digit of s?
2
Suppose -47*k + 43*k = -12. Suppose -55 = -2*y + k*f + 361, -1065 = -5*y - 5*f. What is the units digit of y?
1
Suppose 1 = -2*b + 4*r + 45, 0 = -2*b - 4*r + 36. Suppose -5*t + 320 = b. What is the tens digit of t?
6
Let j(s) be the first derivative of -s + 8. Let l(o) = o + 13. Let c(y) = -24*j(y) - 3*l(y). What is the units digit of c(-8)?
9
Let r(v) be the third derivative of v**4/12 - 2*v**3 + 37*v**2. Suppose -3*t - 15 = 0, 35 = 3*y - 0*y - t. What is the units digit of r(y)?
8
Suppose -10*w = -9*w + 4*h - 875, 3*w = 3*h + 2565. What is the tens digit of w?
5
Let w = 1394 - -2211. What is the hundreds digit of w?
6
Suppose 0 = -15*p + 16960 - 850. What is the units digit of p?
4
Let f(n) = -16*n + 119. What is the units digit of f(-36)?
5
Suppose -28*d = -47656 + 5740. What is the units digit of d?
7
Let b be (-1)/1*(-6 + 6). Let y(j) = j**2 - j + 3